{"id":70,"date":"2023-08-04T07:31:50","date_gmt":"2023-08-04T10:31:50","guid":{"rendered":"https:\/\/cuchillerialloret.com\/?page_id=70"},"modified":"2023-09-01T07:34:02","modified_gmt":"2023-09-01T10:34:02","slug":"afilado-de-cuchillos-profesional","status":"publish","type":"page","link":"https:\/\/cuchillerialloret.com\/index.php\/afilado-de-cuchillos-profesional\/","title":{"rendered":"Afilado de Cuchillos Profesional"},"content":{"rendered":"\t\t<div data-elementor-type=\"wp-page\" data-elementor-id=\"70\" class=\"elementor elementor-70\" data-elementor-post-type=\"page\">\n\t\t\t\t\t\t<section class=\"elementor-section elementor-top-section elementor-element elementor-element-be0ffd0 elementor-section-height-min-height elementor-section-content-middle elementor-section-boxed elementor-section-height-default elementor-section-items-middle\" data-id=\"be0ffd0\" data-element_type=\"section\" data-settings=\"{&quot;background_background&quot;:&quot;classic&quot;}\">\n\t\t\t\t\t\t\t<div class=\"elementor-background-overlay\"><\/div>\n\t\t\t\t\t\t\t<div class=\"elementor-container elementor-column-gap-default\">\n\t\t\t\t\t<div class=\"elementor-column elementor-col-100 elementor-top-column elementor-element elementor-element-4a98f24\" data-id=\"4a98f24\" data-element_type=\"column\">\n\t\t\t<div class=\"elementor-widget-wrap elementor-element-populated\">\n\t\t\t\t\t\t<div class=\"elementor-element elementor-element-1dc78b0 elementor-widget elementor-widget-heading\" data-id=\"1dc78b0\" data-element_type=\"widget\" data-widget_type=\"heading.default\">\n\t\t\t\t<div class=\"elementor-widget-container\">\n\t\t\t\t\t<h1 class=\"elementor-heading-title elementor-size-default\">Afilado <\/h1>\t\t\t\t<\/div>\n\t\t\t\t<\/div>\n\t\t\t\t<div class=\"elementor-element elementor-element-fc508c5 elementor-widget elementor-widget-heading\" data-id=\"fc508c5\" data-element_type=\"widget\" data-widget_type=\"heading.default\">\n\t\t\t\t<div class=\"elementor-widget-container\">\n\t\t\t\t\t<h2 class=\"elementor-heading-title elementor-size-default\">Afilado de Discos Profesional <\/h2>\t\t\t\t<\/div>\n\t\t\t\t<\/div>\n\t\t\t\t<div class=\"elementor-element elementor-element-62d124f elementor-widget elementor-widget-text-editor\" data-id=\"62d124f\" data-element_type=\"widget\" data-widget_type=\"text-editor.default\">\n\t\t\t\t<div class=\"elementor-widget-container\">\n\t\t\t\t\t\t\t\t\t<p>Afilado de cuchillos profesional para un corte preciso y eficiente. Devuelve el filo a tus herramientas culinarias con nuestra experiencia experta.<\/p>\t\t\t\t\t\t\t\t<\/div>\n\t\t\t\t<\/div>\n\t\t\t\t\t<\/div>\n\t\t<\/div>\n\t\t\t\t\t<\/div>\n\t\t<\/section>\n\t\t\t\t<section class=\"elementor-section elementor-top-section elementor-element elementor-element-75145ee elementor-section-full_width elementor-section-height-default elementor-section-height-default\" data-id=\"75145ee\" data-element_type=\"section\">\n\t\t\t\t\t\t<div class=\"elementor-container elementor-column-gap-default\">\n\t\t\t\t\t<div class=\"elementor-column elementor-col-50 elementor-top-column elementor-element elementor-element-f2652a0\" data-id=\"f2652a0\" data-element_type=\"column\">\n\t\t\t<div class=\"elementor-widget-wrap elementor-element-populated\">\n\t\t\t\t\t\t<div class=\"elementor-element elementor-element-e577362 elementor-widget elementor-widget-text-editor\" data-id=\"e577362\" data-element_type=\"widget\" data-widget_type=\"text-editor.default\">\n\t\t\t\t<div class=\"elementor-widget-container\">\n\t\t\t\t\t\t\t\t\t<p>Nuestro proceso de afilado de discos es un arte y una ciencia que requiere habilidad y precisi\u00f3n. Aqu\u00ed en Cuchiller\u00eda Lloret, seguimos un proceso meticuloso para asegurarnos de que tus cuchillos recobren su filo original. Desde cuchillos de chef hasta cuchillos especializados, nuestro servicio abarca una amplia gama de opciones.<\/p><ol><li><p><strong>Evaluaci\u00f3n Profesional:<\/strong> Cada cuchillo es inspeccionado minuciosamente para determinar el nivel de afilado necesario y cualquier da\u00f1o que pueda requerir atenci\u00f3n.<\/p><\/li><li><p><strong>Afilado Preciso:<\/strong>\u00a0 Un afilado preciso y uniforme en toda la hoja del cuchillo.<\/p><\/li><li><p><strong>Pulido y Acabado:<\/strong> Despu\u00e9s del afilado, realizamos un pulido suave para eliminar cualquier imperfecci\u00f3n y garantizar un acabado brillante.<\/p><\/li><li><p><strong>Pruebas Rigurosas:<\/strong> Cada cuchillo se somete a pruebas rigurosas para asegurarnos de que est\u00e9 afilado de manera \u00f3ptima y listo para el uso.<\/p><\/li><\/ol>\t\t\t\t\t\t\t\t<\/div>\n\t\t\t\t<\/div>\n\t\t\t\t\t<\/div>\n\t\t<\/div>\n\t\t\t\t<div class=\"elementor-column elementor-col-50 elementor-top-column elementor-element elementor-element-e733a7a\" data-id=\"e733a7a\" data-element_type=\"column\" data-settings=\"{&quot;background_background&quot;:&quot;classic&quot;}\">\n\t\t\t<div class=\"elementor-widget-wrap elementor-element-populated\">\n\t\t\t\t\t\t<div class=\"elementor-element elementor-element-e5abe48 elementor-widget elementor-widget-image\" data-id=\"e5abe48\" data-element_type=\"widget\" data-widget_type=\"image.default\">\n\t\t\t\t<div class=\"elementor-widget-container\">\n\t\t\t\t\t\t\t\t\t\t\t\t\t\t\t<img fetchpriority=\"high\" decoding=\"async\" width=\"612\" height=\"344\" src=\"https:\/\/cuchillerialloret.com\/wp-content\/uploads\/2023\/08\/Afilado-de-cuchillos.jpg\" class=\"attachment-large size-large wp-image-39\" alt=\"Afilado de cuchillos\" srcset=\"https:\/\/cuchillerialloret.com\/wp-content\/uploads\/2023\/08\/Afilado-de-cuchillos.jpg 612w, https:\/\/cuchillerialloret.com\/wp-content\/uploads\/2023\/08\/Afilado-de-cuchillos-300x169.jpg 300w\" sizes=\"(max-width: 612px) 100vw, 612px\" \/>\t\t\t\t\t\t\t\t\t\t\t\t\t\t\t<\/div>\n\t\t\t\t<\/div>\n\t\t\t\t\t<\/div>\n\t\t<\/div>\n\t\t\t\t\t<\/div>\n\t\t<\/section>\n\t\t\t\t<section class=\"elementor-section elementor-top-section elementor-element elementor-element-ba1c48e elementor-section-boxed elementor-section-height-default elementor-section-height-default\" data-id=\"ba1c48e\" data-element_type=\"section\">\n\t\t\t\t\t\t<div class=\"elementor-container elementor-column-gap-default\">\n\t\t\t\t\t<div class=\"elementor-column elementor-col-100 elementor-top-column elementor-element elementor-element-cf5f0bf\" data-id=\"cf5f0bf\" data-element_type=\"column\">\n\t\t\t<div class=\"elementor-widget-wrap elementor-element-populated\">\n\t\t\t\t\t\t<div class=\"elementor-element elementor-element-28635fc elementor-widget elementor-widget-heading\" data-id=\"28635fc\" data-element_type=\"widget\" data-widget_type=\"heading.default\">\n\t\t\t\t<div class=\"elementor-widget-container\">\n\t\t\t\t\t<h2 class=\"elementor-heading-title elementor-size-default\">Beneficios del Afilado Profesional<\/h2>\t\t\t\t<\/div>\n\t\t\t\t<\/div>\n\t\t\t\t<div class=\"elementor-element elementor-element-d6a11f2 elementor-widget elementor-widget-text-editor\" data-id=\"d6a11f2\" data-element_type=\"widget\" data-widget_type=\"text-editor.default\">\n\t\t\t\t<div class=\"elementor-widget-container\">\n\t\t\t\t\t\t\t\t\t<p>Nuestro afilado profesional no solo restaura la nitidez original de tus cuchillos, sino que tambi\u00e9n brinda una serie de beneficios adicionales. Experimenta cortes m\u00e1s limpios y precisos, reduce el esfuerzo al cortar y mejora la seguridad en la cocina. En Cuchiller\u00eda Lloret, seguimos un proceso meticuloso para afilar tus tijeras y garantizar los mejores resultados:<\/p>\t\t\t\t\t\t\t\t<\/div>\n\t\t\t\t<\/div>\n\t\t\t\t\t<\/div>\n\t\t<\/div>\n\t\t\t\t\t<\/div>\n\t\t<\/section>\n\t\t\t\t<section class=\"elementor-section elementor-top-section elementor-element elementor-element-2fc243a elementor-section-boxed elementor-section-height-default elementor-section-height-default\" data-id=\"2fc243a\" data-element_type=\"section\">\n\t\t\t\t\t\t<div class=\"elementor-container elementor-column-gap-default\">\n\t\t\t\t\t<div class=\"elementor-column elementor-col-33 elementor-top-column elementor-element elementor-element-1c47a9d\" data-id=\"1c47a9d\" data-element_type=\"column\">\n\t\t\t<div class=\"elementor-widget-wrap elementor-element-populated\">\n\t\t\t\t\t\t<div class=\"elementor-element elementor-element-d6bfc0e elementor-widget elementor-widget-text-editor\" data-id=\"d6bfc0e\" data-element_type=\"widget\" data-widget_type=\"text-editor.default\">\n\t\t\t\t<div class=\"elementor-widget-container\">\n\t\t\t\t\t\t\t\t\t<h4><strong>Cortes Precisos y Eficientes<\/strong><\/h4><p>Evaluamos el estado de tus tijeras para determinar el nivel de desgaste y el tipo de afilado que necesitan. Utilizamos t\u00e9cnicas de afilado precisas y herramientas de alta calidad para devolver el filo original a tus tijeras.<\/p>\t\t\t\t\t\t\t\t<\/div>\n\t\t\t\t<\/div>\n\t\t\t\t\t<\/div>\n\t\t<\/div>\n\t\t\t\t<div class=\"elementor-column elementor-col-33 elementor-top-column elementor-element elementor-element-efee106\" data-id=\"efee106\" data-element_type=\"column\">\n\t\t\t<div class=\"elementor-widget-wrap elementor-element-populated\">\n\t\t\t\t\t\t<div class=\"elementor-element elementor-element-ffdcdb3 elementor-widget elementor-widget-text-editor\" data-id=\"ffdcdb3\" data-element_type=\"widget\" data-widget_type=\"text-editor.default\">\n\t\t\t\t<div class=\"elementor-widget-container\">\n\t\t\t\t\t\t\t\t\t<h4><strong>Seguridad en la Cocina<\/strong><\/h4><p>Un cuchillo desafilado puede ser peligroso, ya que requiere m\u00e1s fuerza para cortar y es m\u00e1s propenso a resbalar. Al contar con un cuchillo afilado profesionalmente, se reduce el riesgo de accidentes en la cocina. Un filo adecuado permite un control \u00f3ptimo durante el corte y minimiza la posibilidad de que el cuchillo se desv\u00ede hacia donde no se pretende.<\/p>\t\t\t\t\t\t\t\t<\/div>\n\t\t\t\t<\/div>\n\t\t\t\t\t<\/div>\n\t\t<\/div>\n\t\t\t\t<div class=\"elementor-column elementor-col-33 elementor-top-column elementor-element elementor-element-8a656aa\" data-id=\"8a656aa\" data-element_type=\"column\">\n\t\t\t<div class=\"elementor-widget-wrap elementor-element-populated\">\n\t\t\t\t\t\t<div class=\"elementor-element elementor-element-54382dc elementor-widget elementor-widget-text-editor\" data-id=\"54382dc\" data-element_type=\"widget\" data-widget_type=\"text-editor.default\">\n\t\t\t\t<div class=\"elementor-widget-container\">\n\t\t\t\t\t\t\t\t\t<h4><strong>Prolongaci\u00f3n de la Vida \u00datil del Cuchillo<\/strong><\/h4><p>Aunque pueda parecer contraproducente, el afilado profesional en realidad puede prolongar la vida \u00fatil de tus cuchillos. Con el afilado regular, se elimina la necesidad de aplicar fuerza excesiva, lo que a su vez reduce el estr\u00e9s en la hoja y prolonga su durabilidad.<\/p>\t\t\t\t\t\t\t\t<\/div>\n\t\t\t\t<\/div>\n\t\t\t\t\t<\/div>\n\t\t<\/div>\n\t\t\t\t\t<\/div>\n\t\t<\/section>\n\t\t\t\t<section class=\"elementor-section elementor-top-section elementor-element elementor-element-6e6c894 elementor-section-content-middle elementor-section-boxed elementor-section-height-default elementor-section-height-default\" data-id=\"6e6c894\" data-element_type=\"section\" data-settings=\"{&quot;background_background&quot;:&quot;classic&quot;}\">\n\t\t\t\t\t\t<div class=\"elementor-container elementor-column-gap-default\">\n\t\t\t\t\t<div class=\"elementor-column elementor-col-50 elementor-top-column elementor-element elementor-element-8b1316b\" data-id=\"8b1316b\" data-element_type=\"column\">\n\t\t\t<div class=\"elementor-widget-wrap elementor-element-populated\">\n\t\t\t\t\t\t<div class=\"elementor-element elementor-element-eb0ca4a elementor-widget elementor-widget-image\" data-id=\"eb0ca4a\" data-element_type=\"widget\" data-widget_type=\"image.default\">\n\t\t\t\t<div class=\"elementor-widget-container\">\n\t\t\t\t\t\t\t\t\t\t\t\t\t\t\t<img decoding=\"async\" width=\"500\" height=\"500\" src=\"https:\/\/cuchillerialloret.com\/wp-content\/uploads\/2023\/08\/afilado-profesional.-de-cuchillos.jpg\" class=\"attachment-large size-large wp-image-76\" alt=\"Afilado profesional de cuchillos\" srcset=\"https:\/\/cuchillerialloret.com\/wp-content\/uploads\/2023\/08\/afilado-profesional.-de-cuchillos.jpg 500w, https:\/\/cuchillerialloret.com\/wp-content\/uploads\/2023\/08\/afilado-profesional.-de-cuchillos-300x300.jpg 300w, https:\/\/cuchillerialloret.com\/wp-content\/uploads\/2023\/08\/afilado-profesional.-de-cuchillos-150x150.jpg 150w\" sizes=\"(max-width: 500px) 100vw, 500px\" \/>\t\t\t\t\t\t\t\t\t\t\t\t\t\t\t<\/div>\n\t\t\t\t<\/div>\n\t\t\t\t\t<\/div>\n\t\t<\/div>\n\t\t\t\t<div class=\"elementor-column elementor-col-50 elementor-top-column elementor-element elementor-element-a62e2b3\" data-id=\"a62e2b3\" data-element_type=\"column\">\n\t\t\t<div class=\"elementor-widget-wrap elementor-element-populated\">\n\t\t\t\t\t\t<div class=\"elementor-element elementor-element-bfb7675 elementor-widget elementor-widget-heading\" data-id=\"bfb7675\" data-element_type=\"widget\" data-widget_type=\"heading.default\">\n\t\t\t\t<div class=\"elementor-widget-container\">\n\t\t\t\t\t<h2 class=\"elementor-heading-title elementor-size-default\">Mantenimiento Despu\u00e9s del Afilado<\/h2>\t\t\t\t<\/div>\n\t\t\t\t<\/div>\n\t\t\t\t<div class=\"elementor-element elementor-element-f254a74 elementor-widget elementor-widget-text-editor\" data-id=\"f254a74\" data-element_type=\"widget\" data-widget_type=\"text-editor.default\">\n\t\t\t\t<div class=\"elementor-widget-container\">\n\t\t\t\t\t\t\t\t\t<p>Despu\u00e9s de retirar tus cuchillos afilados, es importante mantenerlos adecuadamente para prolongar su vida \u00fatil. Ofrecemos consejos y recomendaciones sobre c\u00f3mo cuidar tus cuchillos, c\u00f3mo almacenarlos de manera segura y c\u00f3mo mantener su filo entre los afilados. Estamos aqu\u00ed para garantizar que tu inversi\u00f3n en cuchillos de calidad se mantenga en condiciones \u00f3ptimas a lo largo del tiempo.<\/p>\t\t\t\t\t\t\t\t<\/div>\n\t\t\t\t<\/div>\n\t\t\t\t\t<\/div>\n\t\t<\/div>\n\t\t\t\t\t<\/div>\n\t\t<\/section>\n\t\t\t\t<section class=\"elementor-section elementor-top-section elementor-element elementor-element-b068afa elementor-section-boxed elementor-section-height-default elementor-section-height-default\" data-id=\"b068afa\" data-element_type=\"section\">\n\t\t\t\t\t\t<div class=\"elementor-container elementor-column-gap-default\">\n\t\t\t\t\t<div class=\"elementor-column elementor-col-50 elementor-top-column elementor-element elementor-element-344906f\" data-id=\"344906f\" data-element_type=\"column\">\n\t\t\t<div class=\"elementor-widget-wrap elementor-element-populated\">\n\t\t\t\t\t\t<div class=\"elementor-element elementor-element-e6c67c7 elementor-widget elementor-widget-heading\" data-id=\"e6c67c7\" data-element_type=\"widget\" data-widget_type=\"heading.default\">\n\t\t\t\t<div class=\"elementor-widget-container\">\n\t\t\t\t\t<h2 class=\"elementor-heading-title elementor-size-default\">Contacta con Nosotros para Afilado<\/h2>\t\t\t\t<\/div>\n\t\t\t\t<\/div>\n\t\t\t\t<div class=\"elementor-element elementor-element-ff68621 elementor-widget elementor-widget-text-editor\" data-id=\"ff68621\" data-element_type=\"widget\" data-widget_type=\"text-editor.default\">\n\t\t\t\t<div class=\"elementor-widget-container\">\n\t\t\t\t\t\t\t\t\t<p>Si est\u00e1s listo para experimentar la diferencia que un afilado profesional puede hacer en tus cuchillos, no dudes en ponerte en contacto con nosotros.\u00a0<\/p><p>Estamos listos para responder a tus preguntas, discutir tus necesidades espec\u00edficas y ayudarte en todo el proceso. Recuerda, en Cuchiller\u00eda Lloret, nuestra pasi\u00f3n es brindarte cuchillos afilados que mejoren tu arte culinario.<\/p>\t\t\t\t\t\t\t\t<\/div>\n\t\t\t\t<\/div>\n\t\t\t\t<div class=\"elementor-element elementor-element-b07e2c7 elementor-widget elementor-widget-button\" data-id=\"b07e2c7\" data-element_type=\"widget\" data-widget_type=\"button.default\">\n\t\t\t\t<div class=\"elementor-widget-container\">\n\t\t\t\t\t\t\t\t\t<div class=\"elementor-button-wrapper\">\n\t\t\t\t\t<a class=\"elementor-button elementor-button-link elementor-size-sm\" href=\"tel:972368107\">\n\t\t\t\t\t\t<span class=\"elementor-button-content-wrapper\">\n\t\t\t\t\t\t<span class=\"elementor-button-icon\">\n\t\t\t\t<i aria-hidden=\"true\" class=\"fas fa-phone-alt\"><\/i>\t\t\t<\/span>\n\t\t\t\t\t\t\t\t\t<span class=\"elementor-button-text\">LLAMAR<\/span>\n\t\t\t\t\t<\/span>\n\t\t\t\t\t<\/a>\n\t\t\t\t<\/div>\n\t\t\t\t\t\t\t\t<\/div>\n\t\t\t\t<\/div>\n\t\t\t\t\t<\/div>\n\t\t<\/div>\n\t\t\t\t<div class=\"elementor-column elementor-col-50 elementor-top-column elementor-element elementor-element-17f4f15\" data-id=\"17f4f15\" data-element_type=\"column\">\n\t\t\t<div class=\"elementor-widget-wrap elementor-element-populated\">\n\t\t\t\t\t\t<div class=\"elementor-element elementor-element-67a39c6 elementor-widget elementor-widget-image\" data-id=\"67a39c6\" data-element_type=\"widget\" data-widget_type=\"image.default\">\n\t\t\t\t<div class=\"elementor-widget-container\">\n\t\t\t\t\t\t\t\t\t\t\t\t\t\t\t<img decoding=\"async\" width=\"800\" height=\"565\" src=\"https:\/\/cuchillerialloret.com\/wp-content\/uploads\/2023\/08\/un-afilador-callejero-trabajando-en-buenos-aires-argentina-hacia-1870_54809229_800x565.jpg\" class=\"attachment-large size-large wp-image-77\" alt=\"\" srcset=\"https:\/\/cuchillerialloret.com\/wp-content\/uploads\/2023\/08\/un-afilador-callejero-trabajando-en-buenos-aires-argentina-hacia-1870_54809229_800x565.jpg 800w, https:\/\/cuchillerialloret.com\/wp-content\/uploads\/2023\/08\/un-afilador-callejero-trabajando-en-buenos-aires-argentina-hacia-1870_54809229_800x565-300x212.jpg 300w, https:\/\/cuchillerialloret.com\/wp-content\/uploads\/2023\/08\/un-afilador-callejero-trabajando-en-buenos-aires-argentina-hacia-1870_54809229_800x565-768x542.jpg 768w\" sizes=\"(max-width: 800px) 100vw, 800px\" \/>\t\t\t\t\t\t\t\t\t\t\t\t\t\t\t<\/div>\n\t\t\t\t<\/div>\n\t\t\t\t\t<\/div>\n\t\t<\/div>\n\t\t\t\t\t<\/div>\n\t\t<\/section>\n\t\t\t\t<\/div>\n\t\t","protected":false},"excerpt":{"rendered":"<p>Afilado Afilado de Discos Profesional Afilado de cuchillos profesional para un corte preciso y eficiente. Devuelve el filo a tus herramientas culinarias con nuestra experiencia experta. Nuestro proceso de afilado de discos es un arte y una ciencia que requiere habilidad y precisi\u00f3n. Aqu\u00ed en Cuchiller\u00eda Lloret, seguimos un proceso meticuloso para asegurarnos de que [&hellip;]<\/p>\n","protected":false},"author":1,"featured_media":39,"parent":0,"menu_order":0,"comment_status":"closed","ping_status":"closed","template":"elementor_header_footer","meta":{"footnotes":""},"class_list":["post-70","page","type-page","status-publish","has-post-thumbnail","hentry"],"aioseo_notices":[],"_links":{"self":[{"href":"https:\/\/cuchillerialloret.com\/index.php\/wp-json\/wp\/v2\/pages\/70","targetHints":{"allow":["GET"]}}],"collection":[{"href":"https:\/\/cuchillerialloret.com\/index.php\/wp-json\/wp\/v2\/pages"}],"about":[{"href":"https:\/\/cuchillerialloret.com\/index.php\/wp-json\/wp\/v2\/types\/page"}],"author":[{"embeddable":true,"href":"https:\/\/cuchillerialloret.com\/index.php\/wp-json\/wp\/v2\/users\/1"}],"replies":[{"embeddable":true,"href":"https:\/\/cuchillerialloret.com\/index.php\/wp-json\/wp\/v2\/comments?post=70"}],"version-history":[{"count":16,"href":"https:\/\/cuchillerialloret.com\/index.php\/wp-json\/wp\/v2\/pages\/70\/revisions"}],"predecessor-version":[{"id":230,"href":"https:\/\/cuchillerialloret.com\/index.php\/wp-json\/wp\/v2\/pages\/70\/revisions\/230"}],"wp:featuredmedia":[{"embeddable":true,"href":"https:\/\/cuchillerialloret.com\/index.php\/wp-json\/wp\/v2\/media\/39"}],"wp:attachment":[{"href":"https:\/\/cuchillerialloret.com\/index.php\/wp-json\/wp\/v2\/media?parent=70"}],"curies":[{"name":"wp","href":"https:\/\/api.w.org\/{rel}","templated":true}]}}