{"id":2,"date":"2023-08-04T04:43:26","date_gmt":"2023-08-04T07:43:26","guid":{"rendered":"http:\/\/cuchillerialloret.com\/?page_id=2"},"modified":"2026-01-08T18:31:33","modified_gmt":"2026-01-08T21:31:33","slug":"cuchilleria-especializada","status":"publish","type":"page","link":"https:\/\/cuchillerialloret.com\/","title":{"rendered":"Comercial Rosa: Cuchillos, Utensilios y Afilado Profesional"},"content":{"rendered":"\t\t<div data-elementor-type=\"wp-page\" data-elementor-id=\"2\" class=\"elementor elementor-2\" data-elementor-post-type=\"page\">\n\t\t\t\t\t\t<section class=\"elementor-section elementor-top-section elementor-element elementor-element-529f6796 elementor-section-height-min-height elementor-section-content-middle elementor-section-boxed elementor-section-height-default elementor-section-items-middle\" data-id=\"529f6796\" data-element_type=\"section\" data-settings=\"{&quot;background_background&quot;:&quot;classic&quot;}\">\n\t\t\t\t\t\t\t<div class=\"elementor-background-overlay\"><\/div>\n\t\t\t\t\t\t\t<div class=\"elementor-container elementor-column-gap-default\">\n\t\t\t\t\t<div class=\"elementor-column elementor-col-100 elementor-top-column elementor-element elementor-element-4f8bd01b\" data-id=\"4f8bd01b\" data-element_type=\"column\">\n\t\t\t<div class=\"elementor-widget-wrap elementor-element-populated\">\n\t\t\t\t\t\t<div class=\"elementor-element elementor-element-1a8e8cc4 elementor-widget elementor-widget-heading\" data-id=\"1a8e8cc4\" data-element_type=\"widget\" data-widget_type=\"heading.default\">\n\t\t\t\t<div class=\"elementor-widget-container\">\n\t\t\t\t\t<h5 class=\"elementor-heading-title elementor-size-default\">Cuchillos, utensilios y afilado profesional para chefs<\/h5>\t\t\t\t<\/div>\n\t\t\t\t<\/div>\n\t\t\t\t<div class=\"elementor-element elementor-element-2fceb851 elementor-widget elementor-widget-heading\" data-id=\"2fceb851\" data-element_type=\"widget\" data-widget_type=\"heading.default\">\n\t\t\t\t<div class=\"elementor-widget-container\">\n\t\t\t\t\t<h2 class=\"elementor-heading-title elementor-size-default\">El Afilado m\u00e1s profesional para tus herramientas de trabajo.<\/h2>\t\t\t\t<\/div>\n\t\t\t\t<\/div>\n\t\t\t\t<div class=\"elementor-element elementor-element-68fdc666 elementor-widget elementor-widget-text-editor\" data-id=\"68fdc666\" data-element_type=\"widget\" data-widget_type=\"text-editor.default\">\n\t\t\t\t<div class=\"elementor-widget-container\">\n\t\t\t\t\t\t\t\t\t<p>Sum\u00e9rgete en un mundo de excelencia culinaria con nuestra selecci\u00f3n cuidadosamente curada de cuchillos y utensilios para chef.<\/p>\t\t\t\t\t\t\t\t<\/div>\n\t\t\t\t<\/div>\n\t\t\t\t\t<\/div>\n\t\t<\/div>\n\t\t\t\t\t<\/div>\n\t\t<\/section>\n\t\t\t\t<section class=\"elementor-section elementor-top-section elementor-element elementor-element-b244d49 elementor-section-full_width elementor-section-height-default elementor-section-height-default\" data-id=\"b244d49\" data-element_type=\"section\">\n\t\t\t\t\t\t<div class=\"elementor-container elementor-column-gap-default\">\n\t\t\t\t\t<div class=\"elementor-column elementor-col-50 elementor-top-column elementor-element elementor-element-54d8756\" data-id=\"54d8756\" data-element_type=\"column\">\n\t\t\t<div class=\"elementor-widget-wrap elementor-element-populated\">\n\t\t\t\t\t\t<div class=\"elementor-element elementor-element-58f6d62 elementor-widget elementor-widget-text-editor\" data-id=\"58f6d62\" data-element_type=\"widget\" data-widget_type=\"text-editor.default\">\n\t\t\t\t<div class=\"elementor-widget-container\">\n\t\t\t\t\t\t\t\t\t<h6><strong>Bienvenido a Comercial Rosa <\/strong><\/h6><h3><strong>Tu Destino para la Excelencia Culinaria<\/strong><\/h3><p>En Comercial Rosa, nuestra pasi\u00f3n por la excelencia culinaria nos impulsa a ofrecer servicios y productos de la m\u00e1s alta calidad para satisfacer las necesidades de chefs apasionados y aficionados culinarios. Somos una cuchiller\u00eda especializada con un enfoque claro: el afilado de cuchillos profesionales y la provisi\u00f3n de los mejores utensilios para chefs de renombre, incluyendo las prestigiosas marcas 3 Claveles y Henckels.<\/p><h4><strong>Nuestra Especializaci\u00f3n en Afilado de Cuchillos Profesionales<\/strong><\/h4><p>Sabemos que el coraz\u00f3n de cualquier cocina exitosa yace en la precisi\u00f3n y la destreza del chef. Es por eso que nos hemos dedicado a ofrecer servicios de afilado de cuchillos profesionales que superan las expectativas. Nuestro equipo de expertos artesanos utiliza t\u00e9cnicas de afilado de vanguardia para devolver a tus cuchillos su filo original. Ya sea un cuchillo de chef, un cuchillo de caza o cualquier otro tipo, nuestro afilado mejorar\u00e1 tu experiencia culinaria y tu eficiencia en la cocina.<\/p>\t\t\t\t\t\t\t\t<\/div>\n\t\t\t\t<\/div>\n\t\t\t\t\t<\/div>\n\t\t<\/div>\n\t\t\t\t<div class=\"elementor-column elementor-col-50 elementor-top-column elementor-element elementor-element-f139af7\" data-id=\"f139af7\" data-element_type=\"column\" data-settings=\"{&quot;background_background&quot;:&quot;classic&quot;}\">\n\t\t\t<div class=\"elementor-widget-wrap elementor-element-populated\">\n\t\t\t\t\t\t<div class=\"elementor-element elementor-element-5cc85c6 elementor-widget elementor-widget-image\" data-id=\"5cc85c6\" data-element_type=\"widget\" data-widget_type=\"image.default\">\n\t\t\t\t<div class=\"elementor-widget-container\">\n\t\t\t\t\t\t\t\t\t\t\t\t\t\t\t\t<a href=\"https:\/\/cuchillerialloret.com\/index.php\/afilado-de-cuchillos-profesional\/\">\n\t\t\t\t\t\t\t<img fetchpriority=\"high\" decoding=\"async\" width=\"800\" height=\"965\" src=\"https:\/\/cuchillerialloret.com\/wp-content\/uploads\/2023\/08\/cuchilleria-lloret-de-mar-849x1024.jpg\" class=\"attachment-large size-large wp-image-185\" alt=\"\" srcset=\"https:\/\/cuchillerialloret.com\/wp-content\/uploads\/2023\/08\/cuchilleria-lloret-de-mar-849x1024.jpg 849w, https:\/\/cuchillerialloret.com\/wp-content\/uploads\/2023\/08\/cuchilleria-lloret-de-mar-249x300.jpg 249w, https:\/\/cuchillerialloret.com\/wp-content\/uploads\/2023\/08\/cuchilleria-lloret-de-mar-768x927.jpg 768w, https:\/\/cuchillerialloret.com\/wp-content\/uploads\/2023\/08\/cuchilleria-lloret-de-mar.jpg 1200w\" sizes=\"(max-width: 800px) 100vw, 800px\" \/>\t\t\t\t\t\t\t\t<\/a>\n\t\t\t\t\t\t\t\t\t\t\t\t\t\t\t<\/div>\n\t\t\t\t<\/div>\n\t\t\t\t\t<\/div>\n\t\t<\/div>\n\t\t\t\t\t<\/div>\n\t\t<\/section>\n\t\t\t\t<section class=\"elementor-section elementor-top-section elementor-element elementor-element-001f565 elementor-section-boxed elementor-section-height-default elementor-section-height-default\" data-id=\"001f565\" data-element_type=\"section\">\n\t\t\t\t\t\t<div class=\"elementor-container elementor-column-gap-default\">\n\t\t\t\t\t<div class=\"elementor-column elementor-col-100 elementor-top-column elementor-element elementor-element-fa354ea\" data-id=\"fa354ea\" data-element_type=\"column\">\n\t\t\t<div class=\"elementor-widget-wrap elementor-element-populated\">\n\t\t\t\t\t\t<div class=\"elementor-element elementor-element-75b461a elementor-widget elementor-widget-heading\" data-id=\"75b461a\" data-element_type=\"widget\" data-widget_type=\"heading.default\">\n\t\t\t\t<div class=\"elementor-widget-container\">\n\t\t\t\t\t<h3 class=\"elementor-heading-title elementor-size-default\">Equipamiento de Calidad para Chefs Apasionados<\/h3>\t\t\t\t<\/div>\n\t\t\t\t<\/div>\n\t\t\t\t<div class=\"elementor-element elementor-element-c0e35a2 elementor-widget elementor-widget-heading\" data-id=\"c0e35a2\" data-element_type=\"widget\" data-widget_type=\"heading.default\">\n\t\t\t\t<div class=\"elementor-widget-container\">\n\t\t\t\t\t<h5 class=\"elementor-heading-title elementor-size-default\">Descubre nuestra selecci\u00f3n de equipamiento de calidad para chefs apasionados. Cuchillos, utensilios y afilado profesional<\/h5>\t\t\t\t<\/div>\n\t\t\t\t<\/div>\n\t\t\t\t\t<\/div>\n\t\t<\/div>\n\t\t\t\t\t<\/div>\n\t\t<\/section>\n\t\t\t\t<section class=\"elementor-section elementor-top-section elementor-element elementor-element-530dfbe elementor-section-boxed elementor-section-height-default elementor-section-height-default\" data-id=\"530dfbe\" data-element_type=\"section\">\n\t\t\t\t\t\t<div class=\"elementor-container elementor-column-gap-default\">\n\t\t\t\t\t<div class=\"elementor-column elementor-col-33 elementor-top-column elementor-element elementor-element-84243b8\" data-id=\"84243b8\" data-element_type=\"column\">\n\t\t\t<div class=\"elementor-widget-wrap elementor-element-populated\">\n\t\t\t\t\t\t<div class=\"elementor-element elementor-element-dd0f9b5 elementor-widget elementor-widget-image\" data-id=\"dd0f9b5\" data-element_type=\"widget\" data-widget_type=\"image.default\">\n\t\t\t\t<div class=\"elementor-widget-container\">\n\t\t\t\t\t\t\t\t\t\t\t\t\t\t\t<img decoding=\"async\" width=\"800\" height=\"800\" src=\"https:\/\/cuchillerialloret.com\/wp-content\/uploads\/2023\/08\/38401-181-0_Lifestyle_Image_Product_OS_750x750_2.webp\" class=\"attachment-large size-large wp-image-49\" alt=\"Cuchillos de chef\" srcset=\"https:\/\/cuchillerialloret.com\/wp-content\/uploads\/2023\/08\/38401-181-0_Lifestyle_Image_Product_OS_750x750_2.webp 1000w, https:\/\/cuchillerialloret.com\/wp-content\/uploads\/2023\/08\/38401-181-0_Lifestyle_Image_Product_OS_750x750_2-300x300.webp 300w, https:\/\/cuchillerialloret.com\/wp-content\/uploads\/2023\/08\/38401-181-0_Lifestyle_Image_Product_OS_750x750_2-150x150.webp 150w, https:\/\/cuchillerialloret.com\/wp-content\/uploads\/2023\/08\/38401-181-0_Lifestyle_Image_Product_OS_750x750_2-768x768.webp 768w\" sizes=\"(max-width: 800px) 100vw, 800px\" \/>\t\t\t\t\t\t\t\t\t\t\t\t\t\t\t<\/div>\n\t\t\t\t<\/div>\n\t\t\t\t<div class=\"elementor-element elementor-element-096d039 elementor-widget elementor-widget-heading\" data-id=\"096d039\" data-element_type=\"widget\" data-widget_type=\"heading.default\">\n\t\t\t\t<div class=\"elementor-widget-container\">\n\t\t\t\t\t<h3 class=\"elementor-heading-title elementor-size-default\">Cuchillos de Chef<\/h3>\t\t\t\t<\/div>\n\t\t\t\t<\/div>\n\t\t\t\t<div class=\"elementor-element elementor-element-137644b elementor-widget elementor-widget-text-editor\" data-id=\"137644b\" data-element_type=\"widget\" data-widget_type=\"text-editor.default\">\n\t\t\t\t<div class=\"elementor-widget-container\">\n\t\t\t\t\t\t\t\t\t<p>Descubre nuestra colecci\u00f3n de cuchillos de chef: precisi\u00f3n, calidad y versatilidad en cada corte. Eleva tu cocina con nuestras herramientas.<\/p>\t\t\t\t\t\t\t\t<\/div>\n\t\t\t\t<\/div>\n\t\t\t\t\t<\/div>\n\t\t<\/div>\n\t\t\t\t<div class=\"elementor-column elementor-col-33 elementor-top-column elementor-element elementor-element-88d7d3e\" data-id=\"88d7d3e\" data-element_type=\"column\">\n\t\t\t<div class=\"elementor-widget-wrap elementor-element-populated\">\n\t\t\t\t\t\t<div class=\"elementor-element elementor-element-6ed2d03 elementor-widget elementor-widget-image\" data-id=\"6ed2d03\" data-element_type=\"widget\" data-widget_type=\"image.default\">\n\t\t\t\t<div class=\"elementor-widget-container\">\n\t\t\t\t\t\t\t\t\t\t\t\t\t\t\t<img decoding=\"async\" width=\"800\" height=\"917\" src=\"https:\/\/cuchillerialloret.com\/wp-content\/uploads\/2023\/08\/000021365-1.jpg\" class=\"attachment-large size-large wp-image-52\" alt=\"utensilios para cocina\" srcset=\"https:\/\/cuchillerialloret.com\/wp-content\/uploads\/2023\/08\/000021365-1.jpg 818w, https:\/\/cuchillerialloret.com\/wp-content\/uploads\/2023\/08\/000021365-1-262x300.jpg 262w, https:\/\/cuchillerialloret.com\/wp-content\/uploads\/2023\/08\/000021365-1-768x881.jpg 768w\" sizes=\"(max-width: 800px) 100vw, 800px\" \/>\t\t\t\t\t\t\t\t\t\t\t\t\t\t\t<\/div>\n\t\t\t\t<\/div>\n\t\t\t\t<div class=\"elementor-element elementor-element-915e4ac elementor-widget elementor-widget-heading\" data-id=\"915e4ac\" data-element_type=\"widget\" data-widget_type=\"heading.default\">\n\t\t\t\t<div class=\"elementor-widget-container\">\n\t\t\t\t\t<h3 class=\"elementor-heading-title elementor-size-default\">Utensilios Profesionales<\/h3>\t\t\t\t<\/div>\n\t\t\t\t<\/div>\n\t\t\t\t<div class=\"elementor-element elementor-element-ad9a469 elementor-widget elementor-widget-text-editor\" data-id=\"ad9a469\" data-element_type=\"widget\" data-widget_type=\"text-editor.default\">\n\t\t\t\t<div class=\"elementor-widget-container\">\n\t\t\t\t\t\t\t\t\t<p>Descubre nuestra selecci\u00f3n de utensilios de calidad para chefs exigentes. Herramientas que marcan la diferencia en la cocina.<\/p>\t\t\t\t\t\t\t\t<\/div>\n\t\t\t\t<\/div>\n\t\t\t\t\t<\/div>\n\t\t<\/div>\n\t\t\t\t<div class=\"elementor-column elementor-col-33 elementor-top-column elementor-element elementor-element-7bd8fd7\" data-id=\"7bd8fd7\" data-element_type=\"column\">\n\t\t\t<div class=\"elementor-widget-wrap elementor-element-populated\">\n\t\t\t\t\t\t<div class=\"elementor-element elementor-element-70008f6 elementor-widget elementor-widget-image\" data-id=\"70008f6\" data-element_type=\"widget\" data-widget_type=\"image.default\">\n\t\t\t\t<div class=\"elementor-widget-container\">\n\t\t\t\t\t\t\t\t\t\t\t\t\t\t\t\t<a href=\"https:\/\/cuchillerialloret.com\/index.php\/afilado-de-cuchillos-profesional\/\">\n\t\t\t\t\t\t\t<img loading=\"lazy\" decoding=\"async\" width=\"612\" height=\"344\" src=\"https:\/\/cuchillerialloret.com\/wp-content\/uploads\/2023\/08\/Afilado-de-cuchillos.jpg\" class=\"attachment-large size-large wp-image-39\" alt=\"Afilado de cuchillos\" srcset=\"https:\/\/cuchillerialloret.com\/wp-content\/uploads\/2023\/08\/Afilado-de-cuchillos.jpg 612w, https:\/\/cuchillerialloret.com\/wp-content\/uploads\/2023\/08\/Afilado-de-cuchillos-300x169.jpg 300w\" sizes=\"(max-width: 612px) 100vw, 612px\" \/>\t\t\t\t\t\t\t\t<\/a>\n\t\t\t\t\t\t\t\t\t\t\t\t\t\t\t<\/div>\n\t\t\t\t<\/div>\n\t\t\t\t<div class=\"elementor-element elementor-element-db74e7e elementor-widget elementor-widget-heading\" data-id=\"db74e7e\" data-element_type=\"widget\" data-widget_type=\"heading.default\">\n\t\t\t\t<div class=\"elementor-widget-container\">\n\t\t\t\t\t<h3 class=\"elementor-heading-title elementor-size-default\"><a href=\"https:\/\/cuchillerialloret.com\/index.php\/afilado-de-cuchillos-profesional\/\">Afilado de precisi\u00f3n<\/a><\/h3>\t\t\t\t<\/div>\n\t\t\t\t<\/div>\n\t\t\t\t<div class=\"elementor-element elementor-element-414825e elementor-widget elementor-widget-text-editor\" data-id=\"414825e\" data-element_type=\"widget\" data-widget_type=\"text-editor.default\">\n\t\t\t\t<div class=\"elementor-widget-container\">\n\t\t\t\t\t\t\t\t\t<p>Servicio de afilado de precisi\u00f3n: Restaura la agudeza de tus cuchillos y utensilios con nuestro experto afilado. \u00a1Corta con confianza!<\/p>\t\t\t\t\t\t\t\t<\/div>\n\t\t\t\t<\/div>\n\t\t\t\t\t<\/div>\n\t\t<\/div>\n\t\t\t\t\t<\/div>\n\t\t<\/section>\n\t\t\t\t<section class=\"elementor-section elementor-top-section elementor-element elementor-element-5f967a2d elementor-section-content-middle elementor-section-boxed elementor-section-height-default elementor-section-height-default\" data-id=\"5f967a2d\" data-element_type=\"section\">\n\t\t\t\t\t\t<div class=\"elementor-container elementor-column-gap-no\">\n\t\t\t\t\t<div class=\"elementor-column elementor-col-100 elementor-top-column elementor-element elementor-element-783470bb\" data-id=\"783470bb\" data-element_type=\"column\">\n\t\t\t<div class=\"elementor-widget-wrap elementor-element-populated\">\n\t\t\t\t\t\t<div class=\"elementor-element elementor-element-71ab39b3 elementor-widget elementor-widget-heading\" data-id=\"71ab39b3\" data-element_type=\"widget\" data-widget_type=\"heading.default\">\n\t\t\t\t<div class=\"elementor-widget-container\">\n\t\t\t\t\t<h4 class=\"elementor-heading-title elementor-size-default\">NUESTRAS MARCAS<\/h4>\t\t\t\t<\/div>\n\t\t\t\t<\/div>\n\t\t\t\t<section class=\"elementor-section elementor-inner-section elementor-element elementor-element-30951952 elementor-section-content-middle elementor-section-boxed elementor-section-height-default elementor-section-height-default\" data-id=\"30951952\" data-element_type=\"section\">\n\t\t\t\t\t\t<div class=\"elementor-container elementor-column-gap-default\">\n\t\t\t\t\t<div class=\"elementor-column elementor-col-50 elementor-inner-column elementor-element elementor-element-367a15c9\" data-id=\"367a15c9\" data-element_type=\"column\">\n\t\t\t<div class=\"elementor-widget-wrap elementor-element-populated\">\n\t\t\t\t\t\t<div class=\"elementor-element elementor-element-3766a2af elementor-cta--skin-cover elementor-cta--valign-middle elementor-bg-transform elementor-bg-transform-zoom-out elementor-animated-content elementor-widget elementor-widget-call-to-action\" data-id=\"3766a2af\" data-element_type=\"widget\" data-widget_type=\"call-to-action.default\">\n\t\t\t\t<div class=\"elementor-widget-container\">\n\t\t\t\t\t\t\t<a class=\"elementor-cta\" href=\"https:\/\/www.zwilling.com\" rel=\"nofollow\">\n\t\t\t\t\t<div class=\"elementor-cta__bg-wrapper\">\n\t\t\t\t<div class=\"elementor-cta__bg elementor-bg\" style=\"background-image: url(https:\/\/cuchillerialloret.com\/wp-content\/uploads\/2023\/08\/000008472.jpg);\" role=\"img\" aria-label=\"Cuchillos ZWILLING J.A. HENCKELS\"><\/div>\n\t\t\t\t<div class=\"elementor-cta__bg-overlay\"><\/div>\n\t\t\t<\/div>\n\t\t\t\t\t\t\t<div class=\"elementor-cta__content\">\n\t\t\t\t\t\t\t\t\t<div class=\"elementor-content-item elementor-cta__content-item elementor-cta__image elementor-animated-item--grow\">\n\t\t\t\t\t\t<img loading=\"lazy\" decoding=\"async\" width=\"100\" height=\"100\" src=\"https:\/\/cuchillerialloret.com\/wp-content\/uploads\/2023\/08\/pdp-quote-module-brand-copy-logo-zwilling-100-100.webp\" class=\"attachment-full size-full wp-image-59\" alt=\"\" \/>\t\t\t\t\t<\/div>\n\t\t\t\t\n\t\t\t\t\t\t\t\t\t<h2 class=\"elementor-cta__title elementor-cta__content-item elementor-content-item elementor-animated-item--grow\">\n\t\t\t\t\t\tZWILLING J.A. HENCKELS\t\t\t\t\t<\/h2>\n\t\t\t\t\n\t\t\t\t\n\t\t\t\t\t\t\t<\/div>\n\t\t\t\t\t\t<\/a>\n\t\t\t\t\t\t<\/div>\n\t\t\t\t<\/div>\n\t\t\t\t\t<\/div>\n\t\t<\/div>\n\t\t\t\t<div class=\"elementor-column elementor-col-50 elementor-inner-column elementor-element elementor-element-3e88d18d\" data-id=\"3e88d18d\" data-element_type=\"column\">\n\t\t\t<div class=\"elementor-widget-wrap elementor-element-populated\">\n\t\t\t\t\t\t<div class=\"elementor-element elementor-element-7409f8eb elementor-cta--skin-cover elementor-bg-transform elementor-bg-transform-zoom-out elementor-animated-content elementor-widget elementor-widget-call-to-action\" data-id=\"7409f8eb\" data-element_type=\"widget\" data-widget_type=\"call-to-action.default\">\n\t\t\t\t<div class=\"elementor-widget-container\">\n\t\t\t\t\t\t\t<a class=\"elementor-cta\" href=\"https:\/\/www.3claveles.com\">\n\t\t\t\t\t<div class=\"elementor-cta__bg-wrapper\">\n\t\t\t\t<div class=\"elementor-cta__bg elementor-bg\" style=\"background-image: url(https:\/\/cuchillerialloret.com\/wp-content\/uploads\/2023\/08\/91PjZ8aodmL._AC_UF10001000_QL80_-1.jpg);\" role=\"img\" aria-label=\"Cuchillos 3 Claveles\"><\/div>\n\t\t\t\t<div class=\"elementor-cta__bg-overlay\"><\/div>\n\t\t\t<\/div>\n\t\t\t\t\t\t\t<div class=\"elementor-cta__content\">\n\t\t\t\t\t\t\t\t\t<div class=\"elementor-content-item elementor-cta__content-item elementor-cta__image elementor-animated-item--grow\">\n\t\t\t\t\t\t<img loading=\"lazy\" decoding=\"async\" width=\"260\" height=\"60\" src=\"https:\/\/cuchillerialloret.com\/wp-content\/uploads\/2023\/08\/3claveles-logo-1628754507.jpg.webp\" class=\"attachment-full size-full wp-image-60\" alt=\"\" \/>\t\t\t\t\t<\/div>\n\t\t\t\t\n\t\t\t\t\n\t\t\t\t\n\t\t\t\t\t\t\t<\/div>\n\t\t\t\t\t\t<\/a>\n\t\t\t\t\t\t<\/div>\n\t\t\t\t<\/div>\n\t\t\t\t\t<\/div>\n\t\t<\/div>\n\t\t\t\t\t<\/div>\n\t\t<\/section>\n\t\t\t\t\t<\/div>\n\t\t<\/div>\n\t\t\t\t\t<\/div>\n\t\t<\/section>\n\t\t\t\t<section class=\"elementor-section elementor-top-section elementor-element elementor-element-61719e10 elementor-section-content-middle elementor-section-boxed elementor-section-height-default elementor-section-height-default\" data-id=\"61719e10\" data-element_type=\"section\" data-settings=\"{&quot;background_background&quot;:&quot;classic&quot;}\">\n\t\t\t\t\t\t<div class=\"elementor-container elementor-column-gap-no\">\n\t\t\t\t\t<div class=\"elementor-column elementor-col-50 elementor-top-column elementor-element elementor-element-21f5b622\" data-id=\"21f5b622\" data-element_type=\"column\">\n\t\t\t<div class=\"elementor-widget-wrap elementor-element-populated\">\n\t\t\t\t\t\t<div class=\"elementor-element elementor-element-2a6f930 elementor-widget elementor-widget-image\" data-id=\"2a6f930\" data-element_type=\"widget\" data-widget_type=\"image.default\">\n\t\t\t\t<div class=\"elementor-widget-container\">\n\t\t\t\t\t\t\t\t\t\t\t\t\t\t\t<img loading=\"lazy\" decoding=\"async\" width=\"640\" height=\"603\" src=\"https:\/\/cuchillerialloret.com\/wp-content\/uploads\/2023\/08\/H478df6d58f9a4227ba23597261fd1dea9.jpg_640x640Q90.jpg_.webp\" class=\"attachment-full size-full wp-image-65\" alt=\"Herramientas de corte para peluqueros\" srcset=\"https:\/\/cuchillerialloret.com\/wp-content\/uploads\/2023\/08\/H478df6d58f9a4227ba23597261fd1dea9.jpg_640x640Q90.jpg_.webp 640w, https:\/\/cuchillerialloret.com\/wp-content\/uploads\/2023\/08\/H478df6d58f9a4227ba23597261fd1dea9.jpg_640x640Q90.jpg_-300x283.webp 300w\" sizes=\"(max-width: 640px) 100vw, 640px\" \/>\t\t\t\t\t\t\t\t\t\t\t\t\t\t\t<\/div>\n\t\t\t\t<\/div>\n\t\t\t\t\t<\/div>\n\t\t<\/div>\n\t\t\t\t<div class=\"elementor-column elementor-col-50 elementor-top-column elementor-element elementor-element-55c4f877\" data-id=\"55c4f877\" data-element_type=\"column\">\n\t\t\t<div class=\"elementor-widget-wrap elementor-element-populated\">\n\t\t\t\t\t\t<div class=\"elementor-element elementor-element-66a37d04 elementor-widget elementor-widget-heading\" data-id=\"66a37d04\" data-element_type=\"widget\" data-widget_type=\"heading.default\">\n\t\t\t\t<div class=\"elementor-widget-container\">\n\t\t\t\t\t<h4 class=\"elementor-heading-title elementor-size-default\">Herramientas de corte para peluqueros profesionales<\/h4>\t\t\t\t<\/div>\n\t\t\t\t<\/div>\n\t\t\t\t<div class=\"elementor-element elementor-element-51bb07a2 elementor-widget elementor-widget-text-editor\" data-id=\"51bb07a2\" data-element_type=\"widget\" data-widget_type=\"text-editor.default\">\n\t\t\t\t<div class=\"elementor-widget-container\">\n\t\t\t\t\t\t\t\t\t<p>Descubre nuestra gama de herramientas de corte para peluqueros. Tijeras y accesorios de alta calidad para un trabajo excepcional.<\/p>\t\t\t\t\t\t\t\t<\/div>\n\t\t\t\t<\/div>\n\t\t\t\t\t<\/div>\n\t\t<\/div>\n\t\t\t\t\t<\/div>\n\t\t<\/section>\n\t\t\t\t<\/div>\n\t\t","protected":false},"excerpt":{"rendered":"<p>Cuchillos, utensilios y afilado profesional para chefs El Afilado m\u00e1s profesional para tus herramientas de trabajo. Sum\u00e9rgete en un mundo de excelencia culinaria con nuestra selecci\u00f3n cuidadosamente curada de cuchillos y utensilios para chef. Bienvenido a Comercial Rosa Tu Destino para la Excelencia Culinaria En Comercial Rosa, nuestra pasi\u00f3n por la excelencia culinaria nos impulsa [&hellip;]<\/p>\n","protected":false},"author":1,"featured_media":35,"parent":0,"menu_order":0,"comment_status":"closed","ping_status":"closed","template":"elementor_header_footer","meta":{"footnotes":""},"class_list":["post-2","page","type-page","status-publish","has-post-thumbnail","hentry"],"aioseo_notices":[],"_links":{"self":[{"href":"https:\/\/cuchillerialloret.com\/index.php\/wp-json\/wp\/v2\/pages\/2","targetHints":{"allow":["GET"]}}],"collection":[{"href":"https:\/\/cuchillerialloret.com\/index.php\/wp-json\/wp\/v2\/pages"}],"about":[{"href":"https:\/\/cuchillerialloret.com\/index.php\/wp-json\/wp\/v2\/types\/page"}],"author":[{"embeddable":true,"href":"https:\/\/cuchillerialloret.com\/index.php\/wp-json\/wp\/v2\/users\/1"}],"replies":[{"embeddable":true,"href":"https:\/\/cuchillerialloret.com\/index.php\/wp-json\/wp\/v2\/comments?post=2"}],"version-history":[{"count":37,"href":"https:\/\/cuchillerialloret.com\/index.php\/wp-json\/wp\/v2\/pages\/2\/revisions"}],"predecessor-version":[{"id":249,"href":"https:\/\/cuchillerialloret.com\/index.php\/wp-json\/wp\/v2\/pages\/2\/revisions\/249"}],"wp:featuredmedia":[{"embeddable":true,"href":"https:\/\/cuchillerialloret.com\/index.php\/wp-json\/wp\/v2\/media\/35"}],"wp:attachment":[{"href":"https:\/\/cuchillerialloret.com\/index.php\/wp-json\/wp\/v2\/media?parent=2"}],"curies":[{"name":"wp","href":"https:\/\/api.w.org\/{rel}","templated":true}]}}