{"id":125,"date":"2023-08-04T09:10:17","date_gmt":"2023-08-04T12:10:17","guid":{"rendered":"https:\/\/cuchillerialloret.com\/?page_id=125"},"modified":"2023-09-01T07:30:55","modified_gmt":"2023-09-01T10:30:55","slug":"cuchilleria-en-lloret-de-mar","status":"publish","type":"page","link":"https:\/\/cuchillerialloret.com\/index.php\/cuchilleria-en-lloret-de-mar\/","title":{"rendered":"Cuchiller\u00eda en Lloret de Mar"},"content":{"rendered":"\t\t<div data-elementor-type=\"wp-page\" data-elementor-id=\"125\" class=\"elementor elementor-125\" data-elementor-post-type=\"page\">\n\t\t\t\t\t\t<section class=\"elementor-section elementor-top-section elementor-element elementor-element-1164cf2d elementor-section-content-middle elementor-section-boxed elementor-section-height-default elementor-section-height-default\" data-id=\"1164cf2d\" data-element_type=\"section\" data-settings=\"{&quot;background_background&quot;:&quot;classic&quot;}\">\n\t\t\t\t\t\t<div class=\"elementor-container elementor-column-gap-no\">\n\t\t\t\t\t<div class=\"elementor-column elementor-col-33 elementor-top-column elementor-element elementor-element-705a5d39\" data-id=\"705a5d39\" data-element_type=\"column\">\n\t\t\t<div class=\"elementor-widget-wrap elementor-element-populated\">\n\t\t\t\t\t\t<div class=\"elementor-element elementor-element-37c9db1d elementor-widget elementor-widget-text-editor\" data-id=\"37c9db1d\" data-element_type=\"widget\" data-widget_type=\"text-editor.default\">\n\t\t\t\t<div class=\"elementor-widget-container\">\n\t\t\t\t\t\t\t\t\t<p>Cuchilleria en Lloret de mar<\/p>\t\t\t\t\t\t\t\t<\/div>\n\t\t\t\t<\/div>\n\t\t\t\t<div class=\"elementor-element elementor-element-10fc84e0 elementor-widget elementor-widget-heading\" data-id=\"10fc84e0\" data-element_type=\"widget\" data-widget_type=\"heading.default\">\n\t\t\t\t<div class=\"elementor-widget-container\">\n\t\t\t\t\t<h3 class=\"elementor-heading-title elementor-size-default\">Tu cuchiller\u00eda en la Costa Brava<\/h3>\t\t\t\t<\/div>\n\t\t\t\t<\/div>\n\t\t\t\t<div class=\"elementor-element elementor-element-1cd48efe elementor-widget-divider--view-line elementor-widget elementor-widget-divider\" data-id=\"1cd48efe\" data-element_type=\"widget\" data-widget_type=\"divider.default\">\n\t\t\t\t<div class=\"elementor-widget-container\">\n\t\t\t\t\t\t\t<div class=\"elementor-divider\">\n\t\t\t<span class=\"elementor-divider-separator\">\n\t\t\t\t\t\t<\/span>\n\t\t<\/div>\n\t\t\t\t\t\t<\/div>\n\t\t\t\t<\/div>\n\t\t\t\t\t<\/div>\n\t\t<\/div>\n\t\t\t\t<div class=\"elementor-column elementor-col-33 elementor-top-column elementor-element elementor-element-7f2d4317\" data-id=\"7f2d4317\" data-element_type=\"column\">\n\t\t\t<div class=\"elementor-widget-wrap elementor-element-populated\">\n\t\t\t\t\t\t<div class=\"elementor-element elementor-element-ec49646 elementor-widget elementor-widget-image\" data-id=\"ec49646\" data-element_type=\"widget\" data-widget_type=\"image.default\">\n\t\t\t\t<div class=\"elementor-widget-container\">\n\t\t\t\t\t\t\t\t\t\t\t\t\t\t\t<img fetchpriority=\"high\" decoding=\"async\" width=\"1000\" height=\"1000\" src=\"https:\/\/cuchillerialloret.com\/wp-content\/uploads\/2023\/08\/38401-181-0_Lifestyle_Image_Product_OS_750x750_2.webp\" class=\"elementor-animation-grow attachment-full size-full wp-image-49\" alt=\"Cuchillos de chef\" srcset=\"https:\/\/cuchillerialloret.com\/wp-content\/uploads\/2023\/08\/38401-181-0_Lifestyle_Image_Product_OS_750x750_2.webp 1000w, https:\/\/cuchillerialloret.com\/wp-content\/uploads\/2023\/08\/38401-181-0_Lifestyle_Image_Product_OS_750x750_2-300x300.webp 300w, https:\/\/cuchillerialloret.com\/wp-content\/uploads\/2023\/08\/38401-181-0_Lifestyle_Image_Product_OS_750x750_2-150x150.webp 150w, https:\/\/cuchillerialloret.com\/wp-content\/uploads\/2023\/08\/38401-181-0_Lifestyle_Image_Product_OS_750x750_2-768x768.webp 768w\" sizes=\"(max-width: 1000px) 100vw, 1000px\" \/>\t\t\t\t\t\t\t\t\t\t\t\t\t\t\t<\/div>\n\t\t\t\t<\/div>\n\t\t\t\t<div class=\"elementor-element elementor-element-347a0772 elementor-widget elementor-widget-text-editor\" data-id=\"347a0772\" data-element_type=\"widget\" data-widget_type=\"text-editor.default\">\n\t\t\t\t<div class=\"elementor-widget-container\">\n\t\t\t\t\t\t\t\t\t<h3>ZWILLING J.A. HENCKELS<\/h3><p>Dise\u00f1adas con la calidad y precisi\u00f3n caracter\u00edstica de Henckels, estas cucharas son ideales para servir salsas, sopas y guisos con estilo.<\/p><p>Consulta por nuestra selecci\u00f3n de utensilios Henckels para encontrar herramientas que hagan que cada paso de tu proceso de cocina sea un placer.<\/p>\t\t\t\t\t\t\t\t<\/div>\n\t\t\t\t<\/div>\n\t\t\t\t\t<\/div>\n\t\t<\/div>\n\t\t\t\t<div class=\"elementor-column elementor-col-33 elementor-top-column elementor-element elementor-element-f8b0c27\" data-id=\"f8b0c27\" data-element_type=\"column\">\n\t\t\t<div class=\"elementor-widget-wrap elementor-element-populated\">\n\t\t\t\t\t\t<div class=\"elementor-element elementor-element-15779b2e elementor-widget elementor-widget-text-editor\" data-id=\"15779b2e\" data-element_type=\"widget\" data-widget_type=\"text-editor.default\">\n\t\t\t\t<div class=\"elementor-widget-container\">\n\t\t\t\t\t\t\t\t\t<h3><strong>3 Claveles<\/strong><\/h3><p>La precisi\u00f3n artesanal se une a la modernidad en cada cuchillo 3 Claveles. Con una pasi\u00f3n por la excelencia y el dise\u00f1o ergon\u00f3mico, estos cuchillos est\u00e1n dise\u00f1ados para brindar un rendimiento \u00f3ptimo en cada tarea culinaria. Descubre la elegancia y el equilibrio en tus manos con los cuchillos 3 Claveles.<\/p>\t\t\t\t\t\t\t\t<\/div>\n\t\t\t\t<\/div>\n\t\t\t\t<div class=\"elementor-element elementor-element-54aea628 elementor-widget elementor-widget-image\" data-id=\"54aea628\" data-element_type=\"widget\" data-widget_type=\"image.default\">\n\t\t\t\t<div class=\"elementor-widget-container\">\n\t\t\t\t\t\t\t\t\t\t\t\t\t\t\t<img decoding=\"async\" width=\"1000\" height=\"1000\" src=\"https:\/\/cuchillerialloret.com\/wp-content\/uploads\/2023\/08\/91PjZ8aodmL._AC_UF10001000_QL80_-1.jpg\" class=\"elementor-animation-grow attachment-full size-full wp-image-63\" alt=\"Cuchillos 3 Claveles\" srcset=\"https:\/\/cuchillerialloret.com\/wp-content\/uploads\/2023\/08\/91PjZ8aodmL._AC_UF10001000_QL80_-1.jpg 1000w, https:\/\/cuchillerialloret.com\/wp-content\/uploads\/2023\/08\/91PjZ8aodmL._AC_UF10001000_QL80_-1-300x300.jpg 300w, https:\/\/cuchillerialloret.com\/wp-content\/uploads\/2023\/08\/91PjZ8aodmL._AC_UF10001000_QL80_-1-150x150.jpg 150w, https:\/\/cuchillerialloret.com\/wp-content\/uploads\/2023\/08\/91PjZ8aodmL._AC_UF10001000_QL80_-1-768x768.jpg 768w\" sizes=\"(max-width: 1000px) 100vw, 1000px\" \/>\t\t\t\t\t\t\t\t\t\t\t\t\t\t\t<\/div>\n\t\t\t\t<\/div>\n\t\t\t\t\t<\/div>\n\t\t<\/div>\n\t\t\t\t\t<\/div>\n\t\t<\/section>\n\t\t\t\t<section class=\"elementor-section elementor-top-section elementor-element elementor-element-2a5055a2 elementor-section-full_width elementor-section-height-default elementor-section-height-default\" data-id=\"2a5055a2\" data-element_type=\"section\" id=\"next\">\n\t\t\t\t\t\t<div class=\"elementor-container elementor-column-gap-no\">\n\t\t\t\t\t<div class=\"elementor-column elementor-col-100 elementor-top-column elementor-element elementor-element-6c320632\" data-id=\"6c320632\" data-element_type=\"column\">\n\t\t\t<div class=\"elementor-widget-wrap elementor-element-populated\">\n\t\t\t\t\t\t<div class=\"elementor-element elementor-element-2b01fc70 elementor-widget elementor-widget-heading\" data-id=\"2b01fc70\" data-element_type=\"widget\" data-widget_type=\"heading.default\">\n\t\t\t\t<div class=\"elementor-widget-container\">\n\t\t\t\t\t<h3 class=\"elementor-heading-title elementor-size-default\">Marcas de Prestigio en tu Cocina<\/h3>\t\t\t\t<\/div>\n\t\t\t\t<\/div>\n\t\t\t\t<div class=\"elementor-element elementor-element-2d205c2 elementor-widget elementor-widget-text-editor\" data-id=\"2d205c2\" data-element_type=\"widget\" data-widget_type=\"text-editor.default\">\n\t\t\t\t<div class=\"elementor-widget-container\">\n\t\t\t\t\t\t\t\t\t<p><strong>Nuestro Compromiso con la Excelencia<\/strong><\/p><p>En Comercial Rosa, estamos comprometidos con proporcionarte cuchillos profesionales que reflejen tus aspiraciones culinarias. Ya seas un chef profesional o un entusiasta de la cocina, nuestras marcas destacadas, ZWILLING J.A. HENCKELS y 3 Claveles, est\u00e1n aqu\u00ed para elevar tu experiencia culinaria. Nuestro equipo experto est\u00e1 listo para brindarte asesoramiento personalizado mientras exploras nuestra colecci\u00f3n.<\/p>\t\t\t\t\t\t\t\t<\/div>\n\t\t\t\t<\/div>\n\t\t\t\t\t<\/div>\n\t\t<\/div>\n\t\t\t\t\t<\/div>\n\t\t<\/section>\n\t\t\t\t<section class=\"elementor-section elementor-top-section elementor-element elementor-element-d1385b8 elementor-section-content-middle elementor-section-boxed elementor-section-height-default elementor-section-height-default\" data-id=\"d1385b8\" data-element_type=\"section\">\n\t\t\t\t\t\t<div class=\"elementor-container elementor-column-gap-default\">\n\t\t\t\t\t<div class=\"elementor-column elementor-col-50 elementor-top-column elementor-element elementor-element-fec3401\" data-id=\"fec3401\" data-element_type=\"column\">\n\t\t\t<div class=\"elementor-widget-wrap elementor-element-populated\">\n\t\t\t\t\t\t<div class=\"elementor-element elementor-element-5f53945 elementor-widget elementor-widget-image\" data-id=\"5f53945\" data-element_type=\"widget\" data-widget_type=\"image.default\">\n\t\t\t\t<div class=\"elementor-widget-container\">\n\t\t\t\t\t\t\t\t\t\t\t\t\t\t\t<img decoding=\"async\" width=\"100\" height=\"100\" src=\"https:\/\/cuchillerialloret.com\/wp-content\/uploads\/2023\/08\/pdp-quote-module-brand-copy-logo-zwilling-100-100.webp\" class=\"attachment-large size-large wp-image-59\" alt=\"\" \/>\t\t\t\t\t\t\t\t\t\t\t\t\t\t\t<\/div>\n\t\t\t\t<\/div>\n\t\t\t\t<div class=\"elementor-element elementor-element-a8b8a75 elementor-widget elementor-widget-text-editor\" data-id=\"a8b8a75\" data-element_type=\"widget\" data-widget_type=\"text-editor.default\">\n\t\t\t\t<div class=\"elementor-widget-container\">\n\t\t\t\t\t\t\t\t\t<h3><strong>ZWILLING J.A. HENCKELS<\/strong><\/h3><h4><strong>Tradici\u00f3n y Tecnolog\u00eda en Armon\u00eda<\/strong><\/h4><p>Experimenta la rica herencia de la marca ZWILLING J.A. HENCKELS, donde la tradici\u00f3n se encuentra con la tecnolog\u00eda de vanguardia. Cada cuchillo es una obra de arte cuidadosamente forjada que combina siglos de experiencia con los \u00faltimos avances en dise\u00f1o y producci\u00f3n. La excelencia en el corte, el equilibrio en la mano y la durabilidad excepcional son el sello distintivo de ZWILLING J.A. HENCKELS.<\/p>\t\t\t\t\t\t\t\t<\/div>\n\t\t\t\t<\/div>\n\t\t\t\t\t<\/div>\n\t\t<\/div>\n\t\t\t\t<div class=\"elementor-column elementor-col-50 elementor-top-column elementor-element elementor-element-d89d074\" data-id=\"d89d074\" data-element_type=\"column\">\n\t\t\t<div class=\"elementor-widget-wrap elementor-element-populated\">\n\t\t\t\t\t\t<div class=\"elementor-element elementor-element-707f467 elementor-widget elementor-widget-image\" data-id=\"707f467\" data-element_type=\"widget\" data-widget_type=\"image.default\">\n\t\t\t\t<div class=\"elementor-widget-container\">\n\t\t\t\t\t\t\t\t\t\t\t\t\t\t\t<img loading=\"lazy\" decoding=\"async\" width=\"260\" height=\"60\" src=\"https:\/\/cuchillerialloret.com\/wp-content\/uploads\/2023\/08\/3claveles-logo-1628754507.jpg.webp\" class=\"attachment-large size-large wp-image-60\" alt=\"\" \/>\t\t\t\t\t\t\t\t\t\t\t\t\t\t\t<\/div>\n\t\t\t\t<\/div>\n\t\t\t\t<div class=\"elementor-element elementor-element-5f4284e elementor-widget elementor-widget-text-editor\" data-id=\"5f4284e\" data-element_type=\"widget\" data-widget_type=\"text-editor.default\">\n\t\t\t\t<div class=\"elementor-widget-container\">\n\t\t\t\t\t\t\t\t\t<h3><strong>3 Claveles<\/strong><\/h3><h4><strong>Pasi\u00f3n por la Precisi\u00f3n y la Innovaci\u00f3n<\/strong><\/h4><p>En el coraz\u00f3n de cada cuchillo 3 Claveles late una pasi\u00f3n por la precisi\u00f3n y la innovaci\u00f3n. Estos cuchillos representan la fusi\u00f3n perfecta entre la artesan\u00eda tradicional y la ingenier\u00eda moderna. Con un dise\u00f1o ergon\u00f3mico que se adapta a la mano de cada chef y una hoja afilada que enfrenta cualquier desaf\u00edo culinario, 3 Claveles te ofrece una experiencia de corte sin igual.<\/p>\t\t\t\t\t\t\t\t<\/div>\n\t\t\t\t<\/div>\n\t\t\t\t\t<\/div>\n\t\t<\/div>\n\t\t\t\t\t<\/div>\n\t\t<\/section>\n\t\t\t\t<section class=\"elementor-section elementor-top-section elementor-element elementor-element-380b821 elementor-section-height-min-height elementor-section-items-stretch elementor-section-boxed elementor-section-height-default\" data-id=\"380b821\" data-element_type=\"section\" data-settings=\"{&quot;background_background&quot;:&quot;classic&quot;}\">\n\t\t\t\t\t\t\t<div class=\"elementor-background-overlay\"><\/div>\n\t\t\t\t\t\t\t<div class=\"elementor-container elementor-column-gap-no\">\n\t\t\t\t\t<div class=\"elementor-column elementor-col-100 elementor-top-column elementor-element elementor-element-45e3807d\" data-id=\"45e3807d\" data-element_type=\"column\">\n\t\t\t<div class=\"elementor-widget-wrap elementor-element-populated\">\n\t\t\t\t\t\t<div class=\"elementor-element elementor-element-796fbf6 elementor-widget elementor-widget-heading\" data-id=\"796fbf6\" data-element_type=\"widget\" data-widget_type=\"heading.default\">\n\t\t\t\t<div class=\"elementor-widget-container\">\n\t\t\t\t\t<h2 class=\"elementor-heading-title elementor-size-default\">Nuestro Compromiso<\/h2>\t\t\t\t<\/div>\n\t\t\t\t<\/div>\n\t\t\t\t<div class=\"elementor-element elementor-element-f9680ff elementor-widget elementor-widget-text-editor\" data-id=\"f9680ff\" data-element_type=\"widget\" data-widget_type=\"text-editor.default\">\n\t\t\t\t<div class=\"elementor-widget-container\">\n\t\t\t\t\t\t\t\t\t<p>En <strong>Comercial Rosa<\/strong>, no solo te ofrecemos productos excepcionales, sino tambi\u00e9n el conocimiento y la asistencia que necesitas para tomar decisiones informadas. Estamos aqu\u00ed para ayudarte a elegir los cuchillos profesionales que mejor se adapten a tus necesidades y estilo de cocina. Valoramos tu pasi\u00f3n por la culinaria y estamos aqu\u00ed para apoyarte en cada paso del camino.<\/p>\t\t\t\t\t\t\t\t<\/div>\n\t\t\t\t<\/div>\n\t\t\t\t<div class=\"elementor-element elementor-element-1a0a307 elementor-mobile-align-center elementor-widget elementor-widget-button\" data-id=\"1a0a307\" data-element_type=\"widget\" data-widget_type=\"button.default\">\n\t\t\t\t<div class=\"elementor-widget-container\">\n\t\t\t\t\t\t\t\t\t<div class=\"elementor-button-wrapper\">\n\t\t\t\t\t<a class=\"elementor-button elementor-button-link elementor-size-sm\" href=\"tel:972368107\">\n\t\t\t\t\t\t<span class=\"elementor-button-content-wrapper\">\n\t\t\t\t\t\t\t\t\t<span class=\"elementor-button-text\">LLAMAR<\/span>\n\t\t\t\t\t<\/span>\n\t\t\t\t\t<\/a>\n\t\t\t\t<\/div>\n\t\t\t\t\t\t\t\t<\/div>\n\t\t\t\t<\/div>\n\t\t\t\t\t<\/div>\n\t\t<\/div>\n\t\t\t\t\t<\/div>\n\t\t<\/section>\n\t\t\t\t<section class=\"elementor-section elementor-top-section elementor-element elementor-element-cda032f elementor-section-boxed elementor-section-height-default elementor-section-height-default\" data-id=\"cda032f\" data-element_type=\"section\">\n\t\t\t\t\t\t<div class=\"elementor-container elementor-column-gap-default\">\n\t\t\t\t\t<div class=\"elementor-column elementor-col-100 elementor-top-column elementor-element elementor-element-58501a5\" data-id=\"58501a5\" data-element_type=\"column\">\n\t\t\t<div class=\"elementor-widget-wrap elementor-element-populated\">\n\t\t\t\t\t\t<div class=\"elementor-element elementor-element-9409795 elementor-widget elementor-widget-heading\" data-id=\"9409795\" data-element_type=\"widget\" data-widget_type=\"heading.default\">\n\t\t\t\t<div class=\"elementor-widget-container\">\n\t\t\t\t\t<h4 class=\"elementor-heading-title elementor-size-default\">Vis\u00edtanos en Lloret de Mar |  Costa Brava |\u00a0Girona<\/h4>\t\t\t\t<\/div>\n\t\t\t\t<\/div>\n\t\t\t\t\t<\/div>\n\t\t<\/div>\n\t\t\t\t\t<\/div>\n\t\t<\/section>\n\t\t\t\t<section class=\"elementor-section elementor-top-section elementor-element elementor-element-e9efc13 elementor-section-boxed elementor-section-height-default elementor-section-height-default\" data-id=\"e9efc13\" data-element_type=\"section\">\n\t\t\t\t\t\t<div class=\"elementor-container elementor-column-gap-default\">\n\t\t\t\t\t<div class=\"elementor-column elementor-col-100 elementor-top-column elementor-element elementor-element-f80095c\" data-id=\"f80095c\" data-element_type=\"column\">\n\t\t\t<div class=\"elementor-widget-wrap elementor-element-populated\">\n\t\t\t\t\t\t<div class=\"elementor-element elementor-element-18abd64 elementor-widget elementor-widget-text-editor\" data-id=\"18abd64\" data-element_type=\"widget\" data-widget_type=\"text-editor.default\">\n\t\t\t\t<div class=\"elementor-widget-container\">\n\t\t\t\t\t\t\t\t\t<p>Como vendedores oficiales en Lloret de Mar y la Costa Brava, te invitamos a visitar nuestra tienda y experimentar la calidad de nuestros cuchillos profesionales de primera mano. Nuestro personal experto estar\u00e1 encantado de brindarte orientaci\u00f3n y recomendaciones personalizadas para que encuentres los cuchillos perfectos para tu cocina.<\/p>\t\t\t\t\t\t\t\t<\/div>\n\t\t\t\t<\/div>\n\t\t\t\t\t<\/div>\n\t\t<\/div>\n\t\t\t\t\t<\/div>\n\t\t<\/section>\n\t\t\t\t<\/div>\n\t\t","protected":false},"excerpt":{"rendered":"<p>Cuchilleria en Lloret de mar Tu cuchiller\u00eda en la Costa Brava ZWILLING J.A. HENCKELS Dise\u00f1adas con la calidad y precisi\u00f3n caracter\u00edstica de Henckels, estas cucharas son ideales para servir salsas, sopas y guisos con estilo. Consulta por nuestra selecci\u00f3n de utensilios Henckels para encontrar herramientas que hagan que cada paso de tu proceso de cocina [&hellip;]<\/p>\n","protected":false},"author":1,"featured_media":35,"parent":0,"menu_order":0,"comment_status":"closed","ping_status":"closed","template":"elementor_header_footer","meta":{"footnotes":""},"class_list":["post-125","page","type-page","status-publish","has-post-thumbnail","hentry"],"aioseo_notices":[],"_links":{"self":[{"href":"https:\/\/cuchillerialloret.com\/index.php\/wp-json\/wp\/v2\/pages\/125","targetHints":{"allow":["GET"]}}],"collection":[{"href":"https:\/\/cuchillerialloret.com\/index.php\/wp-json\/wp\/v2\/pages"}],"about":[{"href":"https:\/\/cuchillerialloret.com\/index.php\/wp-json\/wp\/v2\/types\/page"}],"author":[{"embeddable":true,"href":"https:\/\/cuchillerialloret.com\/index.php\/wp-json\/wp\/v2\/users\/1"}],"replies":[{"embeddable":true,"href":"https:\/\/cuchillerialloret.com\/index.php\/wp-json\/wp\/v2\/comments?post=125"}],"version-history":[{"count":16,"href":"https:\/\/cuchillerialloret.com\/index.php\/wp-json\/wp\/v2\/pages\/125\/revisions"}],"predecessor-version":[{"id":224,"href":"https:\/\/cuchillerialloret.com\/index.php\/wp-json\/wp\/v2\/pages\/125\/revisions\/224"}],"wp:featuredmedia":[{"embeddable":true,"href":"https:\/\/cuchillerialloret.com\/index.php\/wp-json\/wp\/v2\/media\/35"}],"wp:attachment":[{"href":"https:\/\/cuchillerialloret.com\/index.php\/wp-json\/wp\/v2\/media?parent=125"}],"curies":[{"name":"wp","href":"https:\/\/api.w.org\/{rel}","templated":true}]}}